the remainder when 17203 is divided by 5734?
1
What is the remainder when 151395 is divided by 9?
6
What is the remainder when 483 is divided by 319?
164
Calculate the remainder when 126174 is divided by 16.
14
Calculate the remainder when 18983 is divided by 18955.
28
What is the remainder when 656 is divided by 633?
23
Calculate the remainder when 180301 is divided by 243.
238
Calculate the remainder when 403787 is divided by 308.
307
What is the remainder when 3826 is divided by 7?
4
Calculate the remainder when 136148 is divided by 488.
484
What is the remainder when 5085 is divided by 109?
71
What is the remainder when 13649 is divided by 6801?
47
Calculate the remainder when 695 is divided by 359.
336
What is the remainder when 120714 is divided by 120634?
80
What is the remainder when 834 is divided by 366?
102
Calculate the remainder when 1159098 is divided by 133.
3
Calculate the remainder when 5955 is divided by 397.
0
What is the remainder when 5793 is divided by 2853?
87
What is the remainder when 31197 is divided by 300?
297
What is the remainder when 3272 is divided by 1510?
252
What is the remainder when 2971 is divided by 33?
1
Calculate the remainder when 6608 is divided by 28.
0
Calculate the remainder when 192806 is divided by 37.
36
Calculate the remainder when 9662 is divided by 107.
32
Calculate the remainder when 31308 is divided by 48.
12
Calculate the remainder when 6730 is divided by 20.
10
What is the remainder when 8409 is divided by 1200?
9
What is the remainder when 16604 is divided by 335?
189
What is the remainder when 15203 is divided by 235?
163
Calculate the remainder when 59903 is divided by 34.
29
Calculate the remainder when 6739 is divided by 750.
739
What is the remainder when 13219 is divided by 6568?
83
What is the remainder when 455568 is divided by 27?
24
Calculate the remainder when 5056 is divided by 3939.
1117
Calculate the remainder when 17435 is divided by 2177.
19
Calculate the remainder when 51602 is divided by 366.
362
Calculate the remainder when 3175 is divided by 37.
30
What is the remainder when 9740 is divided by 135?
20
What is the remainder when 592196 is divided by 200?
196
What is the remainder when 34999 is divided by 240?
199
Calculate the remainder when 3254 is divided by 9.
5
Calculate the remainder when 308 is divided by 239.
69
What is the remainder when 6129 is divided by 681?
0
What is the remainder when 583435 is divided by 624?
619
Calculate the remainder when 2446 is divided by 342.
52
Calculate the remainder when 3269 is divided by 62.
45
Calculate the remainder when 417704 is divided by 492.
488
What is the remainder when 32605 is divided by 43?
11
Calculate the remainder when 12529 is divided by 256.
241
What is the remainder when 357205 is divided by 3106?
15
Calculate the remainder when 5976 is divided by 992.
24
Calculate the remainder when 2546 is divided by 54.
8
Calculate the remainder when 4833 is divided by 4261.
572
Calculate the remainder when 1705 is divided by 438.
391
What is the remainder when 69625 is divided by 49?
45
What is the remainder when 1093497 is divided by 785?
777
What is the remainder when 87826 is divided by 260?
206
What is the remainder when 3987 is divided by 992?
19
What is the remainder when 7417 is divided by 37?
17
What is the remainder when 1533 is divided by 24?
21
What is the remainder when 254 is divided by 139?
115
Calculate the remainder when 13385 is divided by 4444.
53
What is the remainder when 8963 is divided by 262?
55
Calculate the remainder when 4843 is divided by 1658.
1527
What is the remainder when 66333 is divided by 7365?
48
Calculate the remainder when 33611 is divided by 280.
11
Calculate the remainder when 509296 is divided by 24252.
4
Calculate the remainder when 67472 is divided by 33733.
6
Calculate the remainder when 113394 is divided by 140.
134
What is the remainder when 104437 is divided by 19?
13
Calculate the remainder when 37905 is divided by 134.
117
Calculate the remainder when 78265 is divided by 90.
55
What is the remainder when 49758 is divided by 1189?
1009
Calculate the remainder when 62415 is divided by 1522.
13
Calculate the remainder when 917 is divided by 75.
17
What is the remainder when 558841 is divided by 393?
388
What is the remainder when 105157 is divided by 177?
19
Calculate the remainder when 679 is divided by 127.
44
What is the remainder when 486 is divided by 75?
36
What is the remainder when 36460 is divided by 361?
360
What is the remainder when 8758 is divided by 25?
8
Calculate the remainder when 694812 is divided by 26.
14
Calculate the remainder when 16928 is divided by 651.
2
Calculate the remainder when 1405 is divided by 209.
151
Calculate the remainder when 132452 is divided by 179.
171
Calculate the remainder when 28928 is divided by 9594.
146
Calculate the remainder when 1754 is divided by 561.
71
Calculate the remainder when 277155 is divided by 1557.
9
Calculate the remainder when 4164 is divided by 127.
100
Calculate the remainder when 86685 is divided by 6.
3
Calculate the remainder when 2615 is divided by 653.
3
What is the remainder when 11123 is divided by 1369?
171
What is the remainder when 2285 is divided by 547?
97
What is the remainder when 40503 is divided by 385?
78
Calculate the remainder when 17027 is divided by 16723.
304
Calculate the remainder when 344 is divided by 74.
48
What is the remainder when 233091 is divided by 53?
50
What is the remainder when 7154 is divided by 41?
20
Calculate the remainder when 418158 is divided by 34.
26
Calculate the remainder when 816 is divided by 235.
111
What is the remainder when 9924 is divided by 292?
288
What is the remainder when 4980 is divided by 310?
20
What is the remainder when 3429 is divided by 89?
47
Calculate the remainder when 1382 is divided by 800.
582
Calculate the remainder when 366041 is divided by 115.
111
Calculate the remainder when 119045 is divided by 154.
3
What is the remainder when 94602 is divided by 728?
690
What is the remainder when 17594 is divided by 8700?
194
What is the remainder when 5197 is divided by 533?
400
Calculate the remainder when 18081 is divided by 18063.
18
What is the remainder when 72260 is divided by 16?
4
Calculate the remainder when 130098 is divided by 65035.
28
What is the remainder when 648 is divided by 229?
190
Calculate the remainder when 1260 is divided by 404.
48
Calculate the remainder when 610045 is divided by 3861.
7
Calculate the remainder when 2618 is divided by 43.
38
What is the remainder when 3851 is divided by 347?
34
Calculate the remainder when 3513 is divided by 1160.
33
What is the remainder when 17056 is divided by 10?
6
Calculate the remainder when 81164 is divided by 111.
23
What is the remainder when 2371 is divided by 140?
131
Calculate the remainder when 51441 is divided by 121.
16
What is the remainder when 3736 is divided by 624?
616
Calculate the remainder when 28306 is divided by 149.
145
Calculate the remainder when 18715 is divided by 6215.
70
What is the remainder when 29732 is divided by 17?
16
What is the remainder when 22034 is divided by 154?
12
Calculate the remainder when 4401 is divided by 436.
41
Calculate the remainder when 5194 is divided by 647.
18
Calculate the remainder when 4638 is divided by 1135.
98
Calculate the remainder when 67600 is divided by 200.
0
Calculate the remainder when 268533 is divided by 22377.
9
What is the remainder when 24091 is divided by 282?
121
What is the remainder when 7768 is divided by 259?
257
Calculate the remainder when 222720 is divided by 696.
0
Calculate the remainder when 202264 is divided by 358.
352
What is the remainder when 3306899 is divided by 906?
905
What is the remainder when 107072 is divided by 10702?
52
What is the remainder when 29213 is divided by 131?
0
What is the remainder when 42122 is divided by 82?
56
What is the remainder when 17073 is divided by 41?
17
What is the remainder when 2424 is divided by 17?
10
What is the remainder when 864 is divided by 760?
104
What is the remainder when 284 is divided by 23?
8
Calculate the remainder when 81849 is divided by 21.
12
What is the remainder when 12909 is divided by 60?
9
Calculate the remainder when 49828 is di